e
Is 48538847 composite?
True
Is 124134553 composite?
False
Is 4855363 prime?
True
Is 9082915 composite?
True
Is 34180459 composite?
True
Is 522949723 a prime number?
False
Is 25929073 a composite number?
True
Is 3480101 a prime number?
True
Is 1631153 a prime number?
True
Is 29400934 a prime number?
False
Is 3676202 a composite number?
True
Is 12161287 a composite number?
False
Is 41440343 prime?
False
Is 19644319 prime?
True
Is 15163943 a composite number?
False
Is 107777149 prime?
False
Is 7118315 a prime number?
False
Is 1006157 a composite number?
True
Is 5158561 a composite number?
True
Is 1819333 prime?
True
Is 68881889 a prime number?
True
Is 1938711 a composite number?
True
Is 61397867 a composite number?
False
Is 308467 a prime number?
True
Is 66442739 a prime number?
False
Is 6673847 prime?
True
Is 14410919 a composite number?
False
Is 10673833 a prime number?
True
Is 15703115 composite?
True
Is 572829307 prime?
True
Is 1353661 a prime number?
False
Is 95301587 a composite number?
True
Is 71099803 prime?
True
Is 34514861 a prime number?
True
Is 207441937 a composite number?
True
Is 257429 a composite number?
True
Is 1321319 composite?
False
Is 220132337 prime?
False
Is 1506809831 composite?
True
Is 10130129 composite?
False
Is 125961779 composite?
False
Is 1770365 prime?
False
Is 1887341 composite?
False
Is 987103 prime?
False
Is 18780943 a prime number?
True
Is 15653713 composite?
True
Is 84178273 a prime number?
True
Is 144420799 a prime number?
True
Is 8208553 a prime number?
True
Is 343337 prime?
True
Is 3928387 a prime number?
False
Is 107581489 a prime number?
False
Is 2415073 a prime number?
True
Is 1431413 composite?
False
Is 6444062 composite?
True
Is 265965391 composite?
True
Is 107517997 a composite number?
False
Is 179534753 a composite number?
True
Is 5916021 composite?
True
Is 26156303 a composite number?
False
Is 2684233 prime?
True
Is 1193429423 a prime number?
True
Is 7168555 a composite number?
True
Is 436847 prime?
False
Is 61512727 a composite number?
False
Is 103002079 prime?
False
Is 210986291 a prime number?
False
Is 19057261 a prime number?
True
Is 39967457 a composite number?
True
Is 1933023 prime?
False
Is 6561251 a composite number?
True
Is 3756703 composite?
False
Is 2515591 prime?
False
Is 532061 a prime number?
True
Is 1125799 prime?
False
Is 29516083 a prime number?
True
Is 1188689 composite?
False
Is 8154479 a prime number?
False
Is 24212119 composite?
False
Is 448808527 a prime number?
False
Is 4866917 prime?
False
Is 10531531 a composite number?
True
Is 31451719 composite?
True
Is 4871069 a composite number?
True
Is 9140389 composite?
True
Is 5467681 prime?
True
Is 27057463 composite?
True
Is 19257599 composite?
False
Is 74472713 a composite number?
True
Is 226159 a composite number?
True
Is 369155135 composite?
True
Is 22675801 a composite number?
False
Is 105248617 prime?
True
Is 41170523 a prime number?
True
Is 128381321 a composite number?
False
Is 139613 a composite number?
True
Is 43603523 a composite number?
False
Is 3665599 a composite number?
True
Is 13761617 a composite number?
False
Is 15468718 a prime number?
False
Is 2537101 prime?
False
Is 36994183 a composite number?
False
Is 13688945 prime?
False
Is 1546445 a composite number?
True
Is 278381143 a prime number?
True
Is 16677539 a composite number?
True
Is 8931749 prime?
False
Is 763093 a prime number?
True
Is 117258551 a prime number?
True
Is 1067509 a prime number?
True
Is 187422827 a composite number?
False
Is 3791027 prime?
True
Is 6887663 composite?
False
Is 617095 composite?
True
Is 7959793 a composite number?
False
Is 74176633 prime?
False
Is 3329083 composite?
False
Is 1492411 prime?
True
Is 4100521 composite?
False
Is 114781171 composite?
True
Is 1047371 a composite number?
True
Is 3344758 a composite number?
True
Is 2198003 a composite number?
False
Is 3687977 a prime number?
False
Is 47374178 a prime number?
False
Is 1787417 a composite number?
False
Is 83080159 a prime number?
True
Is 33444119 composite?
True
Is 250799 prime?
True
Is 5956679 a composite number?
True
Is 4666471 a prime number?
True
Is 27033571 a prime number?
False
Is 61754267 composite?
False
Is 6121121 composite?
False
Is 87951553 composite?
True
Is 4303473 prime?
False
Is 1595387 a prime number?
False
Is 4478819 a prime number?
False
Is 49398383 prime?
True
Is 762709 prime?
False
Is 342395567 a prime number?
True
Is 9428119 a composite number?
False
Is 12836917 composite?
True
Is 2243743471 composite?
False
Is 9008471 a prime number?
False
Is 24780871 a composite number?
False
Is 18588961 a prime number?
True
Is 729013715 a prime number?
False
Is 44143311 prime?
False
Is 6160867 a prime number?
True
Is 583849 a composite number?
True
Is 45501419 composite?
True
Is 1930133 a composite number?
False
Is 1642601 a prime number?
True
Is 874331 composite?
False
Is 32715121 composite?
False
Is 102493141 a prime number?
True
Is 4663045 a composite number?
True
Is 135176999 a composite number?
False
Is 3418057 prime?
False
Is 112955047 prime?
False
Is 1166987 prime?
True
Is 4876251 composite?
True
Is 181043927 composite?
False
Is 127462211 composite?
False
Is 3658177 prime?
False
Is 96263051 composite?
False
Is 13164247 a composite number?
True
Is 90520711 a composite number?
False
Is 192642077 a prime number?
True
Is 245897543 prime?
False
Is 8389487 composite?
True
Is 26279171 a composite number?
False
Is 5614423 composite?
True
Is 1152608991 prime?
False
Is 70706159 prime?
True
Is 18903449 a composite number?
False
Is 1529987 prime?
False
Is 17633951 prime?
True
Is 280441703 prime?
False
Is 1810283 a composite number?
False
Is 224126003 a composite number?
False
Is 71205557 prime?
True
Is 49311109 composite?
True
Is 10990219 prime?
True
Is 158255003 a prime number?
True
Is 105862153 composite?
False
Is 2012237 a prime number?
True
Is 108695593 composite?
False
Is 22444459 composite?
True
Is 26624551 a prime number?
True
Is 141610691 prime?
True
Is 766627 a composite number?
True
Is 11216993 composite?
False
Is 104637467 a prime number?
False
Is 35641189 a composite number?
True
Is 13477355 a composite number?
True
Is 228252077 composite?
True
Is 25704013 a composite number?
False
Is 4311217 a composite number?
True
Is 6011719 a composite number?
True
Is 859783 a prime number?
True
Is 7472545 composite?
True
Is 49619327 a prime number?
True
Is 106447 composite?
True
Is 2296801 a prime number?
False
Is 30066027 prime?
False
Is 66775981 prime?
True
Is 147753377 composite?
True
Is 159107 a prime number?
False
Is 51126902 composite?
True
Is 22940377 a composite number?
False
Is 3629455 a prime number?
False
Is 23557299 composite?
True
Is 5469934 a prime number?
False
Is 344611 a composite number?
False
Is 2321557 composite?
True
Is 342479 a prime number?
False
Is 1732139 composite?
False
Is 59883805 composite?
True
Is 499614353 a prime number?
False
Is 638840423 composite?
True
Is 9980441 prime?
True
Is 2841701 prime?
False
Is 829187 a composite number?
False
Is 7873699 composite?
False
Is 328167131 composite?
True
Is 1688789 composite?
False
Is 222696577 prime?
False
Is 120832233 a prime number?
False
Is 4178037 composite?
True
Is 1665889 composite?
False
Is 221426915 a composite number?
True
Is 50868119 a prime number?
True
Is 18533278 a prime number?
False
Is 567319 a prime number?
True
Is 34913 prime?
True
Is 509 prime?
True
Is 27084413 a prime number?
False
Is 65193733 a composite number?
True
Is 1178851699 prime?
False
Is 8024645 a composite number?
True
Is 13974718 a prime number?
False
Is 320748221 composite?
True
Is 16959919 a composite number?
False
Is 48334811 composite?
True
Is 31424269 a prime number?
False
Is 54907873 prime?
False
Is 8572939 composite?
True
Is 238020481 a composite number?
False
Is 5105383 composite?
True
Is 211359149 prime?
False
Is 2148431 prime?
False
Is 232131023 a prime number?
True
Is 702559919 prime?
True
Is 1487203 a prime number?
False
Is 1240279 a composite number?
True
Is 67577578 composite?
True
Is 9353639 a composite number?
False
Is 191280557 prime?
False
Is 5891966 composite?
True
Is 17356109 a composite number?
True
Is 5148163 composite?
True
Is 27844051 composite?
True
Is 2708987 a composite number?
True
Is 219959